526 divide 20098465?
False
Is 38 a factor of 23706946?
True
Does 13 divide 251614718?
False
Is 31 a factor of 181653707?
True
Is 251177718 a multiple of 6?
True
Does 93 divide 299592711?
True
Is 8 a factor of 15039752?
True
Is 710 a factor of 7773790?
True
Does 34 divide 593929068?
True
Is 1056 a factor of 222055680?
True
Is 6742184 a multiple of 8?
True
Does 873 divide 2424572424?
True
Does 14 divide 9098796?
True
Does 17 divide 50135637?
False
Is 1735455510 a multiple of 45?
True
Is 298 a factor of 25090110?
True
Does 363 divide 161146227?
True
Does 7117 divide 3629257214?
True
Is 160988981 a multiple of 592?
False
Is 5 a factor of 822386515?
True
Is 18 a factor of 289790120?
False
Is 2723967208 a multiple of 395?
False
Is 67968435 a multiple of 1443?
False
Is 43367952 a multiple of 157?
False
Does 872 divide 71314776?
True
Does 3350 divide 25905550?
True
Is 220662082 a multiple of 6239?
False
Does 141 divide 519966687?
True
Is 3237 a factor of 1733612754?
False
Is 4233250 a multiple of 71?
False
Does 65 divide 65998335?
True
Is 553156999 a multiple of 189?
False
Is 156 a factor of 54366312?
True
Does 131 divide 122383213?
True
Is 114858531 a multiple of 87?
True
Does 5 divide 93254555?
True
Is 1225350786 a multiple of 726?
True
Is 1709766468 a multiple of 4482?
True
Is 111507457 a multiple of 628?
False
Is 18 a factor of 378254628?
True
Does 6 divide 715379930?
False
Is 11792332 a multiple of 885?
False
Is 178 a factor of 17683184?
False
Is 765 a factor of 4038104520?
True
Is 10 a factor of 87924707?
False
Is 23 a factor of 359168529?
True
Is 1098 a factor of 117210259?
False
Is 349268074 a multiple of 3001?
False
Is 4782039 a multiple of 1229?
True
Does 2194 divide 119026694?
True
Is 17 a factor of 33410940?
False
Does 470 divide 67853430?
True
Does 62 divide 14002204?
True
Does 60 divide 147341175?
False
Does 104 divide 393146520?
True
Is 1629 a factor of 13478346?
True
Is 11 a factor of 570827719?
True
Is 10502406 a multiple of 2?
True
Is 1658 a factor of 500868721?
False
Does 8 divide 5921220?
False
Does 3066 divide 2272368966?
True
Is 245 a factor of 698985?
True
Is 9255 a factor of 2395612944?
False
Is 109 a factor of 3992409?
False
Is 697 a factor of 45158496?
False
Is 113157168 a multiple of 10984?
True
Is 869977728 a multiple of 384?
True
Is 24569600 a multiple of 67?
False
Is 93 a factor of 1300768866?
True
Does 183 divide 32490003?
True
Does 10 divide 264941000?
True
Is 65893277 a multiple of 5?
False
Is 12727258 a multiple of 51?
False
Is 14512644 a multiple of 221?
False
Is 6992 a factor of 552040652?
False
Is 67 a factor of 79400581?
False
Is 4351 a factor of 858030253?
True
Is 14 a factor of 366917?
False
Does 2501 divide 789247985?
False
Is 43 a factor of 235929831?
False
Does 130 divide 469470690?
True
Is 21 a factor of 32035442?
False
Is 188818476 a multiple of 462?
True
Is 81401612 a multiple of 51?
False
Is 213 a factor of 16087677?
True
Does 40 divide 1200583724?
False
Is 16928560 a multiple of 82?
False
Is 1365673918 a multiple of 5747?
False
Is 5170533840 a multiple of 720?
True
Is 75281236 a multiple of 266?
False
Is 55 a factor of 103751175?
True
Is 173144865 a multiple of 545?
True
Is 267369900 a multiple of 380?
True
Is 31334356 a multiple of 4?
True
Is 45499458 a multiple of 4?
False
Does 24 divide 15902568?
True
Does 12 divide 1759173?
False
Does 89 divide 17429672?
False
Does 20 divide 4568550047?
False
Does 4202 divide 329941040?
True
Is 190881026 a multiple of 134?
False
Is 147769255 a multiple of 5960?
False
Is 2 a factor of 121329768?
True
Is 33 a factor of 331805925?
True
Does 11 divide 26941541?
True
Does 252 divide 254124864?
True
Is 1035 a factor of 970954?
False
Is 276588 a multiple of 13?
True
Is 3190 a factor of 37392790?
False
Is 205302947 a multiple of 133?
False
Is 1853945 a multiple of 43?
True
Does 49 divide 1322651124?
False
Is 10290390 even?
True
Is 2106746766 a multiple of 293?
True
Is 55 a factor of 160028935?
True
Is 3720580 even?
True
Does 274 divide 35537731?
False
Is 34 a factor of 12021142?
True
Does 5 divide 20757277?
False
Does 17 divide 115898431?
False
Is 26201355 a multiple of 1943?
True
Is 9 a factor of 76641642?
True
Does 14 divide 3129678216?
True
Is 132535326 a multiple of 9?
False
Does 7 divide 1613351434?
False
Is 25 a factor of 9370850?
True
Does 2821 divide 328485703?
True
Is 643762936 a multiple of 65?
False
Does 975 divide 72400894?
False
Is 709 a factor of 22306558?
True
Is 143529165 a multiple of 1165?
True
Is 671060000 a multiple of 1040?
True
Is 158 a factor of 1591445782?
False
Does 32 divide 147848096?
True
Does 111 divide 6271293?
False
Does 1080 divide 11109826?
False
Is 301678497 a multiple of 2273?
False
Is 812357184 a multiple of 13?
False
Does 1958 divide 593181974?
True
Does 16 divide 2218136367?
False
Is 4 a factor of 3704748?
True
Is 4523207150 a multiple of 11?
True
Is 667382538 a multiple of 805?
False
Is 92 a factor of 31655849?
False
Does 1298 divide 109370550?
False
Is 13 a factor of 22566427?
True
Does 58 divide 3745176?
True
Is 300199968 a multiple of 36?
True
Is 4377503520 a multiple of 1872?
True
Is 1866835172 a multiple of 4?
True
Is 32 a factor of 175328841?
False
Does 17 divide 3151449672?
False
Is 2818816 even?
True
Does 229 divide 3438434?
False
Does 1051 divide 81164355?
False
Does 2 divide 6955154?
True
Is 6 a factor of 18038478?
True
Is 359 a factor of 62617976?
False
Is 170720511 a multiple of 17?
True
Is 115567145 a multiple of 8?
False
Does 28 divide 10745084?
True
Is 138 a factor of 753767983?
False
Is 91 a factor of 43065204?
True
Is 1696366497 a multiple of 29?
False
Is 35 a factor of 46426079?
False
Does 3490 divide 85763260?
True
Is 416066254 a multiple of 68?
False
Does 11 divide 199708938?
True
Is 51625802 a multiple of 262?
False
Is 896 a factor of 177640960?
True
Does 2042 divide 220641773?
False
Is 33 a factor of 165003083?
False
Does 19 divide 120069040?
False
Is 102674347 a multiple of 1229?
True
Is 7 a factor of 11398524?
False
Does 13 divide 345543224?
True
Is 70 a factor of 3887496?
False
Is 14 a factor of 3631265?
False
Does 975 divide 10586795?
False
Does 10 divide 100747760?
True
Is 633 a factor of 490180105?
False
Is 134 a factor of 173881086?
False
Is 349740935 a multiple of 409?
False
Is 1652661528 a multiple of 6069?
True
Is 767630044 a multiple of 716?
True
Does 21 divide 9288037?
False
Is 9143 a factor of 596909898?
True
Is 380373 a multiple of 177?
True
Is 3 a factor of 39358071?
True
Is 227594890 a multiple of 13133?
True
Does 253 divide 3177656961?
False
Does 695 divide 5489805?
True
Is 429261604 a multiple of 989?
True
Does 901 divide 4326140688?
True
Is 53402521 a multiple of 5?
False
Is 317350530 a multiple of 63?
True
Is 6744048 a multiple of 7?
False
Is 659 a factor of 17276017?
False
Does 233 divide 4444865?
False
Does 40 divide 2036444527?
False
Is 12 a factor of 331816044?
True
Is 321722240 a multiple of 1280?
False
Does 60 divide 1756927799?
False
Is 2447730100 a multiple of 1900?
True
Is 66 a factor of 738007637?
False
Is 77 a factor of 193636289?
True
Does 32 divide 75474707?
False
Is 453 a factor of 30527388?
False
Is 16 a factor of 322951446?
False
Is 86670094 a multiple of 7?
True
Is 4 a factor of 35385921?
False
Does 1758 divide 762984306?
True
Does 890 divide 160752660?
False
Is 17 a factor of 1286640240?
True
Is 857711803 a multiple of 3370?
False
Is 30 a factor of 27240720?
True
Is 32313372 a multiple of 254?
True
Does 5 divide 2728905?
True
Is 31 a factor of 65675547?
False
Does 2614 divide 718659897?
False
Is 138172010 a multiple of 47?
True
Is 9 a factor of 718039215?
True
Is 403570417 a multiple of 155?
False
Is 9 a factor of 2013576489?
True
Does 58 divide 153605866?
True
Is 10 a factor of 96869640?
True
Is 712754008 a multiple of 1051?
False
Is 208 a factor of 117824714?
False
Is 626512821 a multiple of 589?
True
Is 220 a factor of 643606974?
False
Is 2872 a factor of 50460967?
False
Is 10034958 a multiple of 1029?
False
Is 17 a factor of 364243377?
True
Is 10685 a factor of 692954926?
False
Is 78 a factor of 26558376?
True
Is 7927200 a multiple of 54?
True
Is 2573 a factor of 172162003?
True
Is 72 a factor of 127508345?
False
Is 7 a factor of 910354?
False
Is 243367171 a multiple o